{"id":12,"date":"2025-12-12T23:38:06","date_gmt":"2025-12-12T22:38:06","guid":{"rendered":"https:\/\/monheim.vcp-nordrhein.de\/wordpress\/index.php\/gruppen\/pfadfinderinnenstufe\/"},"modified":"2026-03-22T09:52:52","modified_gmt":"2026-03-22T08:52:52","slug":"pfadfinderinnenstufe","status":"publish","type":"gruppen","link":"https:\/\/monheim.vcp-nordrhein.de\/wordpress\/index.php\/gruppen\/pfadfinderinnenstufe\/","title":{"rendered":"Pfadfinder*innenstufe"},"content":{"rendered":"\n<p>F\u00fcr Kinder und Jugendliche von 10 bis 16 Jahren<\/p>\n\n\n\n<p><\/p>\n\n\n\n<p>Gruppenleitung: zur Zeit keine Gruppe<\/p>\n\n\n\n<p>Angesichts der zahlreichen Ver\u00e4nderungen zwischen dem zehnten und dem 16. Lebensjahr werden die Jugendlichen der Pfadfinder*innenstufe in zwei Gruppen unterteilt: in Jungpfadfinder*innen (zehn bis 13 Jahre) und Pfadfinder*innen (13 bis 16 Jahre).<\/p>\n\n\n\n<p>Die Jugendlichen werden ermuntert, ihre eigenen Entscheidungen zu treffen. Sie sind neugierig und auf der Suche nach neuen und herausfordernden Erfahrungen; es gilt, Aktivit\u00e4ten au\u00dferhalb des Gew\u00f6hnlichen zu erleben und die eigenen Grenzen zu erfahren.<\/p>\n\n\n\n<p><\/p>\n","protected":false},"excerpt":{"rendered":"<p>F\u00fcr Kinder und Jugendliche von 10 bis 16 Jahren Gruppenleitung: zur Zeit keine Gruppe Angesichts der zahlreichen Ver\u00e4nderungen zwischen dem zehnten und dem 16. Lebensjahr werden die Jugendlichen der Pfadfinder*innenstufe in zwei Gruppen unterteilt: in Jungpfadfinder*innen (zehn bis 13 Jahre) und Pfadfinder*innen (13 bis 16 Jahre). Die Jugendlichen werden ermuntert, ihre eigenen Entscheidungen zu treffen. [&hellip;]<\/p>\n","protected":false},"author":1,"featured_media":0,"comment_status":"closed","ping_status":"closed","template":"","class_list":["post-12","gruppen","type-gruppen","status-publish","hentry"],"_links":{"self":[{"href":"https:\/\/monheim.vcp-nordrhein.de\/wordpress\/index.php\/wp-json\/wp\/v2\/gruppen\/12","targetHints":{"allow":["GET"]}}],"collection":[{"href":"https:\/\/monheim.vcp-nordrhein.de\/wordpress\/index.php\/wp-json\/wp\/v2\/gruppen"}],"about":[{"href":"https:\/\/monheim.vcp-nordrhein.de\/wordpress\/index.php\/wp-json\/wp\/v2\/types\/gruppen"}],"author":[{"embeddable":true,"href":"https:\/\/monheim.vcp-nordrhein.de\/wordpress\/index.php\/wp-json\/wp\/v2\/users\/1"}],"replies":[{"embeddable":true,"href":"https:\/\/monheim.vcp-nordrhein.de\/wordpress\/index.php\/wp-json\/wp\/v2\/comments?post=12"}],"wp:attachment":[{"href":"https:\/\/monheim.vcp-nordrhein.de\/wordpress\/index.php\/wp-json\/wp\/v2\/media?parent=12"}],"curies":[{"name":"wp","href":"https:\/\/api.w.org\/{rel}","templated":true}]}}

<p>Für Kinder und Jugendliche von 10 bis 16 Jahren</p>



<p></p>



<p>Gruppenleitung: zur Zeit keine Gruppe</p>



<p>Angesichts der zahlreichen Veränderungen zwischen dem zehnten und dem 16. Lebensjahr werden die Jugendlichen der Pfadfinder*innenstufe in zwei Gruppen unterteilt: in Jungpfadfinder*innen (zehn bis 13 Jahre) und Pfadfinder*innen (13 bis 16 Jahre).</p>



<p>Die Jugendlichen werden ermuntert, ihre eigenen Entscheidungen zu treffen. Sie sind neugierig und auf der Suche nach neuen und herausfordernden Erfahrungen; es gilt, Aktivitäten außerhalb des Gewöhnlichen zu erleben und die eigenen Grenzen zu erfahren.</p>



<p></p>

<p>Für Kinder und Jugendliche von 10 bis 16 Jahren Gruppenleitung: zur Zeit keine Gruppe Angesichts der zahlreichen Veränderungen zwischen dem zehnten und dem 16. Lebensjahr werden die Jugendlichen der Pfadfinder*innenstufe in zwei Gruppen unterteilt: in Jungpfadfinder*innen (zehn bis 13 Jahre) und Pfadfinder*innen (13 bis 16 Jahre). Die Jugendlichen werden ermuntert, ihre eigenen Entscheidungen zu treffen. [&hellip;]</p>
